ue
Is 960563 prime?
False
Is 739903 composite?
True
Is 559481 composite?
True
Is 4226383 a prime number?
False
Is 1354981 prime?
True
Is 11260193 a composite number?
True
Is 64931663 a composite number?
True
Is 35868901 composite?
True
Is 32886521 a prime number?
True
Is 136950799 composite?
True
Is 327028837 composite?
False
Is 6477699 a prime number?
False
Is 102937931 a prime number?
True
Is 3259618 a composite number?
True
Is 5949107 a prime number?
False
Is 182466839 prime?
True
Is 522827 a prime number?
True
Is 896216101 a composite number?
True
Is 4501967 prime?
False
Is 25688621 composite?
True
Is 3924593 prime?
True
Is 29895659 a composite number?
False
Is 439312681 composite?
True
Is 5596103 a composite number?
False
Is 71013049 prime?
False
Is 11292227 prime?
True
Is 685411999 a prime number?
True
Is 139470857 a prime number?
True
Is 9901 a composite number?
False
Is 298290611 a prime number?
False
Is 41873077 prime?
True
Is 7243967 a composite number?
False
Is 33216277 a prime number?
False
Is 5199391 a composite number?
False
Is 4917721 a prime number?
True
Is 143986117 a prime number?
False
Is 2016493 a prime number?
True
Is 211550489 prime?
True
Is 51381781 composite?
True
Is 3543698 prime?
False
Is 27499447 composite?
False
Is 118033 composite?
False
Is 5766599 prime?
True
Is 7882081 a composite number?
True
Is 76565981 composite?
False
Is 178141319 composite?
False
Is 121951933 a composite number?
False
Is 7438091 a prime number?
True
Is 119254 a prime number?
False
Is 448129 a composite number?
True
Is 23612221 prime?
False
Is 1109033 a prime number?
True
Is 22666001 a composite number?
True
Is 7367747 prime?
True
Is 46102781 prime?
True
Is 15322553 a composite number?
True
Is 183128941 prime?
True
Is 940349 a prime number?
True
Is 28477655 a composite number?
True
Is 3722933 prime?
False
Is 44097355 a composite number?
True
Is 2471635 a prime number?
False
Is 10330745 a prime number?
False
Is 13288593 prime?
False
Is 56773649 a composite number?
False
Is 1123307387 prime?
False
Is 124480129 a composite number?
False
Is 746113939 a composite number?
True
Is 6671647 a prime number?
True
Is 51350503 composite?
True
Is 242290181 composite?
True
Is 448099871 prime?
False
Is 280997 a composite number?
False
Is 134328869 a composite number?
True
Is 13022497 a prime number?
True
Is 211319941 composite?
True
Is 247889 prime?
True
Is 38042677 prime?
False
Is 1378438 prime?
False
Is 3656773 a prime number?
True
Is 64374979 composite?
False
Is 379837 prime?
True
Is 353543 a composite number?
True
Is 38897591 a composite number?
True
Is 392165191 prime?
False
Is 9391601 composite?
False
Is 10666211 a composite number?
True
Is 11369021 composite?
True
Is 138675553 composite?
True
Is 5873921 a prime number?
False
Is 152044907 prime?
False
Is 16139983 a prime number?
True
Is 898973 a prime number?
False
Is 85705079 prime?
True
Is 40111 a composite number?
False
Is 43474 a composite number?
True
Is 567097 a prime number?
True
Is 921188479 a prime number?
False
Is 99523 composite?
False
Is 2129581 composite?
True
Is 12609257 a composite number?
True
Is 1943021 prime?
True
Is 2147081635 a prime number?
False
Is 16128989 composite?
False
Is 79979519 composite?
False
Is 91254095 prime?
False
Is 1215017 a prime number?
True
Is 59411801 prime?
True
Is 8314393 a prime number?
False
Is 1332277 composite?
False
Is 154397471 prime?
True
Is 15696662 a prime number?
False
Is 1951387 prime?
False
Is 48011441 a prime number?
False
Is 6445555 a prime number?
False
Is 1563769 a prime number?
False
Is 6956714 a prime number?
False
Is 88435379 a composite number?
True
Is 50643727 prime?
True
Is 823836929 prime?
False
Is 94102271 a composite number?
False
Is 50098709 a prime number?
True
Is 5575393 prime?
False
Is 81547891 a prime number?
True
Is 27964085 a composite number?
True
Is 312454 a composite number?
True
Is 2043817 a composite number?
False
Is 9030647 prime?
True
Is 11135281 a composite number?
False
Is 122861987 a composite number?
True
Is 14980435 a prime number?
False
Is 300061 prime?
False
Is 52584173 a prime number?
True
Is 457306167 a composite number?
True
Is 457799 a prime number?
True
Is 1762913 a composite number?
True
Is 1767731 a composite number?
True
Is 2688859 prime?
True
Is 15962567 a composite number?
False
Is 22013677 a prime number?
False
Is 267187 a composite number?
False
Is 100981 prime?
True
Is 4330411 a composite number?
True
Is 23544757 composite?
False
Is 12456479 prime?
False
Is 1649262349 a prime number?
False
Is 2099809 prime?
True
Is 13646159 prime?
False
Is 224491 a composite number?
False
Is 182653 prime?
True
Is 4109921 a composite number?
False
Is 39015773 a composite number?
False
Is 424914587 a prime number?
False
Is 7068718 prime?
False
Is 19140167 prime?
True
Is 42650581 prime?
True
Is 27294851 a composite number?
True
Is 9260113 composite?
False
Is 687460313 prime?
True
Is 24743269 a prime number?
False
Is 49865545 a composite number?
True
Is 7744651 a prime number?
True
Is 124332473 a prime number?
True
Is 18061309 prime?
False
Is 32511563 a composite number?
True
Is 1220591 prime?
True
Is 119624227 a prime number?
False
Is 10229327 a prime number?
True
Is 51428773 composite?
True
Is 1543309 a composite number?
False
Is 7047521 a composite number?
True
Is 7139123 prime?
True
Is 23599603 composite?
False
Is 2317607 prime?
False
Is 117815493 prime?
False
Is 1733519 composite?
False
Is 12829949 a composite number?
True
Is 4849261 a prime number?
True
Is 781013 a composite number?
True
Is 7551095 composite?
True
Is 14246933 composite?
True
Is 27377589 a composite number?
True
Is 7159111 a prime number?
True
Is 9121669 a composite number?
True
Is 36523481 prime?
False
Is 14082007 composite?
False
Is 65209377 composite?
True
Is 958623 composite?
True
Is 19161327 prime?
False
Is 468905789 a composite number?
True
Is 2243323 a composite number?
True
Is 34578857 a composite number?
True
Is 85092221 composite?
False
Is 16747211 prime?
False
Is 173951 a composite number?
True
Is 982469 a composite number?
True
Is 19376207 a prime number?
True
Is 9473759 a prime number?
False
Is 3894082 prime?
False
Is 593899 prime?
True
Is 7548169 composite?
False
Is 183857 prime?
False
Is 14785697 composite?
True
Is 58631423 a prime number?
True
Is 33238 a prime number?
False
Is 45695383 composite?
False
Is 6778339 a composite number?
False
Is 538826759 composite?
False
Is 14070599 prime?
False
Is 24757163 a prime number?
True
Is 154396969 composite?
False
Is 134775853 a prime number?
True
Is 12682399 a composite number?
False
Is 15325567 a prime number?
False
Is 4536193 a composite number?
True
Is 176815879 a prime number?
True
Is 1521479 a composite number?
False
Is 28083119 a composite number?
True
Is 322119067 a prime number?
True
Is 423663635 composite?
True
Is 2731411 a composite number?
True
Is 57121667 a composite number?
False
Is 5179621 prime?
False
Is 190721915 a prime number?
False
Is 17774509 a composite number?
False
Is 6769661 composite?
False
Is 16114333 composite?
True
Is 9594889 prime?
True
Is 2423389 a composite number?
True
Is 29536009 composite?
True
Is 239752511 composite?
False
Is 16077701 composite?
False
Is 6068971 a composite number?
False
Is 4058183 a composite number?
True
Is 115580911 a composite number?
True
Is 5054599 prime?
False
Is 116512271 a prime number?
False
Is 197745081 a composite number?
True
Is 15416173 a prime number?
True
Is 66144811 prime?
True
Is 6851903 a composite number?
True
Is 21251959 a composite number?
True
Is 21847747 prime?
True
Is 2370197 composite?
False
Is 387659 a composite number?
False
Is 3843823 a prime number?
True
Is 183678583 prime?
False
Is 6092431 prime?
False
Is 8838917 a prime number?
True
Is 15830218 composite?
True
Is 1471109 composite?
True
Is 7960054 composite?
True
Is 246317 a prime number?
True
Is 2191439 composite?
True
Is 4250021 a composite number?
False
Is 220370671 composite?
True
Is 1091917 a composite number?
False
Is 4729237 composite?
True
Is 26798251 composite?
False
Is 167029043 prime?
True
Is 2850167 composite?
True
Is 1781237 a prime number?
False
Is 69185923 composite?
False
Is 21087331 a composite number?
False
Is 4570001 prime?
True
Is 122426